?
400
Calculate the remainder when 25370 is divided by 819.
800
Calculate the remainder when 2813 is divided by 557.
28
What is the remainder when 22488 is divided by 22?
4
Calculate the remainder when 43319 is divided by 71.
9
Calculate the remainder when 23141 is divided by 11476.
189
What is the remainder when 27704 is divided by 455?
404
What is the remainder when 51484 is divided by 599?
569
What is the remainder when 69299 is divided by 11?
10
Calculate the remainder when 42848 is divided by 1071.
8
Calculate the remainder when 44758 is divided by 44711.
47
Calculate the remainder when 685 is divided by 49.
48
What is the remainder when 127674 is divided by 336?
330
Calculate the remainder when 11470 is divided by 699.
286
Calculate the remainder when 3045 is divided by 25.
20
What is the remainder when 3425 is divided by 178?
43
What is the remainder when 224 is divided by 48?
32
What is the remainder when 782 is divided by 204?
170
Calculate the remainder when 174 is divided by 152.
22
What is the remainder when 53635 is divided by 44?
43
What is the remainder when 11330 is divided by 2130?
680
What is the remainder when 1995 is divided by 1957?
38
Calculate the remainder when 3150 is divided by 1364.
422
Calculate the remainder when 6351 is divided by 3167.
17
What is the remainder when 18757 is divided by 6239?
40
What is the remainder when 23664 is divided by 364?
4
What is the remainder when 37736 is divided by 587?
168
Calculate the remainder when 5776 is divided by 1151.
21
Calculate the remainder when 235347 is divided by 90.
87
What is the remainder when 61 is divided by 51?
10
Calculate the remainder when 83446 is divided by 183.
181
What is the remainder when 189241 is divided by 380?
1
What is the remainder when 240958 is divided by 12?
10
Calculate the remainder when 49850 is divided by 76.
70
What is the remainder when 763210 is divided by 53?
10
Calculate the remainder when 47666 is divided by 1530.
236
Calculate the remainder when 77312 is divided by 171.
20
What is the remainder when 544358 is divided by 38882?
10
What is the remainder when 22296 is divided by 287?
197
What is the remainder when 15850 is divided by 15794?
56
Calculate the remainder when 347290 is divided by 18277.
27
What is the remainder when 17575 is divided by 5854?
13
Calculate the remainder when 32021 is divided by 25.
21
What is the remainder when 66463 is divided by 4747?
5
Calculate the remainder when 128892 is divided by 93.
87
What is the remainder when 30891 is divided by 79?
2
Calculate the remainder when 6300 is divided by 33.
30
Calculate the remainder when 169138 is divided by 331.
328
Calculate the remainder when 1283 is divided by 159.
11
What is the remainder when 5751 is divided by 48?
39
Calculate the remainder when 85237 is divided by 761.
5
Calculate the remainder when 5680 is divided by 124.
100
What is the remainder when 3901 is divided by 664?
581
What is the remainder when 11398 is divided by 115?
13
What is the remainder when 435 is divided by 86?
5
What is the remainder when 10683 is divided by 1746?
207
What is the remainder when 3649 is divided by 29?
24
What is the remainder when 591 is divided by 14?
3
Calculate the remainder when 18753 is divided by 6248.
9
What is the remainder when 801 is divided by 75?
51
What is the remainder when 3938 is divided by 492?
2
Calculate the remainder when 54758 is divided by 37.
35
What is the remainder when 95664 is divided by 31886?
6
Calculate the remainder when 1788 is divided by 449.
441
What is the remainder when 24207 is divided by 66?
51
What is the remainder when 2553 is divided by 347?
124
Calculate the remainder when 368 is divided by 145.
78
What is the remainder when 2207 is divided by 5?
2
Calculate the remainder when 81658 is divided by 127.
124
What is the remainder when 267340 is divided by 12?
4
Calculate the remainder when 36357 is divided by 202.
199
What is the remainder when 21612 is divided by 101?
99
What is the remainder when 70820 is divided by 43?
42
What is the remainder when 243 is divided by 31?
26
Calculate the remainder when 3871 is divided by 92.
7
What is the remainder when 7062 is divided by 190?
32
Calculate the remainder when 130491 is divided by 750.
741
Calculate the remainder when 478653 is divided by 16.
13
Calculate the remainder when 1854 is divided by 226.
46
What is the remainder when 426254 is divided by 16?
14
Calculate the remainder when 6134 is divided by 5.
4
Calculate the remainder when 12613 is divided by 6093.
427
Calculate the remainder when 11599 is divided by 5795.
9
What is the remainder when 4866 is divided by 484?
26
Calculate the remainder when 29846 is divided by 373.
6
What is the remainder when 861529 is divided by 7?
4
Calculate the remainder when 24507 is divided by 471.
15
What is the remainder when 5217 is divided by 1185?
477
What is the remainder when 88427 is divided by 12?
11
Calculate the remainder when 21133 is divided by 40.
13
What is the remainder when 18770 is divided by 21?
17
What is the remainder when 82807 is divided by 402?
397
Calculate the remainder when 52494 is divided by 4766.
68
Calculate the remainder when 3846 is divided by 259.
220
Calculate the remainder when 6982 is divided by 116.
22
Calculate the remainder when 245938 is divided by 851.
850
What is the remainder when 749175 is divided by 749164?
11
What is the remainder when 10143 is divided by 89?
86
Calculate the remainder when 5425 is divided by 360.
25
Calculate the remainder when 3761 is divided by 3668.
93
What is the remainder when 908866 is divided by 10?
6
What is the remainder when 75206 is divided by 690?
686
What is the remainder when 9305 is divided by 1161?
17
Calculate the remainder when 3163 is divided by 191.
107
Calculate the remainder when 7939 is divided by 992.
3
Calculate the remainder when 3164 is divided by 176.
172
What is the remainder when 450 is divided by 128?
66
Calculate the remainder when 22608 is divided by 34.
32
What is the remainder when 363561 is divided by 289?
288
What is the remainder when 25027 is divided by 291?
1
What is the remainder when 56449 is divided by 74?
61
What is the remainder when 1091 is divided by 360?
11
What is the remainder when 194 is divided by 152?
42
Calculate the remainder when 2284 is divided by 457.
456
Calculate the remainder when 1162 is divided by 495.
172
Calculate the remainder when 7700 is divided by 670.
330
Calculate the remainder when 5353 is divided by 1060.
53
What is the remainder when 58122 is divided by 22?
20
Calculate the remainder when 8218 is divided by 256.
26
What is the remainder when 165623 is divided by 33?
29
What is the remainder when 85173 is divided by 17019?
78
Calculate the remainder when 71367 is divided by 61.
58
What is the remainder when 232531 is divided by 24?
19
Calculate the remainder when 170014 is divided by 231.
229
What is the remainder when 232538 is divided by 97?
29
Calculate the remainder when 9047 is divided by 55.
27
Calculate the remainder when 4266 is divided by 279.
81
Calculate the remainder when 383 is divided by 344.
39
Calculate the remainder when 596 is divided by 287.
22
Calculate the remainder when 4312220 is divided by 32.
28
Calculate the remainder when 35284 is divided by 83.
9
Calculate the remainder when 173496 is divided by 1446.
1422
Calculate the remainder when 3491 is divided by 149.
64
What is the remainder when 553 is divided by 199?
155
What is the remainder when 6786 is divided by 446?
96
What is the remainder when 119823 is divided by 14?
11
Calculate the remainder when 630239 is divided by 416.
415
What is the remainder when 1287 is divided by 608?
71
What is the remainder when 31875 is divided by 15929?
17
What is the remainder when 9455 is divided by 3150?
5
What is the remainder when 2561 is divided by 2546?
15
Calculate the remainder when 4206 is divided by 49.
41
Calculate the remainder when 51869 is divided by 13.
12
Calculate the remainder when 4048 is divided by 3725.
323
Calculate the remainder when 554998 is divided by 802.
14
Calculate the remainder when 4888 is divided by 181.
1
Calculate the remainder when 237862 is divided by 424.
422
What is the remainder when 2803 is divided by 1294?
215